Dec 02 02:41:18.792 INFO testing Trangar/exceptional against master#8940af3cea4a9a9deabcaf843b2f8cad9a83fc61 for beta-1.31-5
Dec 02 02:41:18.792 INFO running `"docker" "create" "-v" "/mnt/big/crater/work/local/target-dirs/beta-1.31-5/worker-4/master#8940af3cea4a9a9deabcaf843b2f8cad9a83fc61:/target:rw,Z" "-v" "/mnt/big/crater/work/local/test-source/worker-4/beta-1.31-5/master#8940af3cea4a9a9deabcaf843b2f8cad9a83fc61:/source:ro,Z" "-v" "/mnt/big/crater/work/local/cargo-home:/cargo-home:ro,Z" "-v" "/mnt/big/crater/work/local/rustup-home:/rustup-home:ro,Z" "-e" "USER_ID=1000" "-e" "SOURCE_DIR=/source" "-e" "USER_ID=1000" "-e" "CMD=cargo +8940af3cea4a9a9deabcaf843b2f8cad9a83fc61-alt build --frozen" "-e" "CARGO_TARGET_DIR=/target" "-e" "CARGO_INCREMENTAL=0" "-e" "RUST_BACKTRACE=full" "-e" "RUSTFLAGS=--cap-lints=warn" "-e" "CARGO_HOME=/cargo-home" "-e" "RUSTUP_HOME=/rustup-home" "-m" "1536M" "--network" "none" "crater"`
Dec 02 02:41:19.387 INFO [stdout] a56b8126a15a9ba1aa7e88daa4c96e2a5ce7438b6504a2a11c85b7272da11555
Dec 02 02:41:19.395 INFO running `"docker" "start" "-a" "a56b8126a15a9ba1aa7e88daa4c96e2a5ce7438b6504a2a11c85b7272da11555"`
Dec 02 02:41:21.595 INFO [stderr] usermod: no changes
Dec 02 02:41:21.727 INFO [stderr]    Compiling exceptional v0.1.0 (/source)
Dec 02 02:41:25.259 INFO [stderr]     Finished dev [unoptimized + debuginfo] target(s) in 3.64s
Dec 02 02:41:25.265 INFO [stderr] su: No module specific data is present
Dec 02 02:41:26.680 INFO running `"docker" "inspect" "a56b8126a15a9ba1aa7e88daa4c96e2a5ce7438b6504a2a11c85b7272da11555"`
Dec 02 02:41:27.039 INFO running `"docker" "rm" "-f" "a56b8126a15a9ba1aa7e88daa4c96e2a5ce7438b6504a2a11c85b7272da11555"`
Dec 02 02:41:27.331 INFO [stdout] a56b8126a15a9ba1aa7e88daa4c96e2a5ce7438b6504a2a11c85b7272da11555
Dec 02 02:41:27.337 INFO running `"docker" "create" "-v" "/mnt/big/crater/work/local/target-dirs/beta-1.31-5/worker-4/master#8940af3cea4a9a9deabcaf843b2f8cad9a83fc61:/target:rw,Z" "-v" "/mnt/big/crater/work/local/test-source/worker-4/beta-1.31-5/master#8940af3cea4a9a9deabcaf843b2f8cad9a83fc61:/source:ro,Z" "-v" "/mnt/big/crater/work/local/cargo-home:/cargo-home:ro,Z" "-v" "/mnt/big/crater/work/local/rustup-home:/rustup-home:ro,Z" "-e" "USER_ID=1000" "-e" "SOURCE_DIR=/source" "-e" "USER_ID=1000" "-e" "CMD=cargo +8940af3cea4a9a9deabcaf843b2f8cad9a83fc61-alt test --frozen --no-run" "-e" "CARGO_TARGET_DIR=/target" "-e" "CARGO_INCREMENTAL=0" "-e" "RUST_BACKTRACE=full" "-e" "RUSTFLAGS=--cap-lints=warn" "-e" "CARGO_HOME=/cargo-home" "-e" "RUSTUP_HOME=/rustup-home" "-m" "1536M" "--network" "none" "crater"`
Dec 02 02:41:27.846 INFO [stdout] 49ae05fa9239f7feddb6c2349eb5198c181a93f95fce17bc080de96e79c05d98
Dec 02 02:41:27.852 INFO running `"docker" "start" "-a" "49ae05fa9239f7feddb6c2349eb5198c181a93f95fce17bc080de96e79c05d98"`
Dec 02 02:41:29.646 INFO [stderr] usermod: no changes
Dec 02 02:41:29.823 INFO [stderr]    Compiling exceptional v0.1.0 (/source)
Dec 02 02:41:33.183 INFO [stderr]     Finished dev [unoptimized + debuginfo] target(s) in 3.51s
Dec 02 02:41:33.200 INFO [stderr] su: No module specific data is present
Dec 02 02:41:34.011 INFO running `"docker" "inspect" "49ae05fa9239f7feddb6c2349eb5198c181a93f95fce17bc080de96e79c05d98"`
Dec 02 02:41:34.417 INFO running `"docker" "rm" "-f" "49ae05fa9239f7feddb6c2349eb5198c181a93f95fce17bc080de96e79c05d98"`
Dec 02 02:41:34.723 INFO [stdout] 49ae05fa9239f7feddb6c2349eb5198c181a93f95fce17bc080de96e79c05d98
Dec 02 02:41:34.725 INFO running `"docker" "create" "-v" "/mnt/big/crater/work/local/target-dirs/beta-1.31-5/worker-4/master#8940af3cea4a9a9deabcaf843b2f8cad9a83fc61:/target:rw,Z" "-v" "/mnt/big/crater/work/local/test-source/worker-4/beta-1.31-5/master#8940af3cea4a9a9deabcaf843b2f8cad9a83fc61:/source:ro,Z" "-v" "/mnt/big/crater/work/local/cargo-home:/cargo-home:ro,Z" "-v" "/mnt/big/crater/work/local/rustup-home:/rustup-home:ro,Z" "-e" "USER_ID=1000" "-e" "SOURCE_DIR=/source" "-e" "USER_ID=1000" "-e" "CMD=cargo +8940af3cea4a9a9deabcaf843b2f8cad9a83fc61-alt test --frozen" "-e" "CARGO_TARGET_DIR=/target" "-e" "CARGO_INCREMENTAL=0" "-e" "RUST_BACKTRACE=full" "-e" "RUSTFLAGS=--cap-lints=warn" "-e" "CARGO_HOME=/cargo-home" "-e" "RUSTUP_HOME=/rustup-home" "-m" "1536M" "--network" "none" "crater"`
Dec 02 02:41:35.152 INFO [stdout] ed1e83d9b226bc36c64046272d97d5f032bedfca03a58c412291b0fe6474213d
Dec 02 02:41:35.156 INFO running `"docker" "start" "-a" "ed1e83d9b226bc36c64046272d97d5f032bedfca03a58c412291b0fe6474213d"`
Dec 02 02:41:36.415 INFO [stderr] usermod: no changes
Dec 02 02:41:36.503 INFO [stderr]     Finished dev [unoptimized + debuginfo] target(s) in 0.06s
Dec 02 02:41:36.519 INFO [stderr]      Running /target/debug/deps/exceptional-95fd261dea7b127e
Dec 02 02:41:36.528 INFO [stdout] 
Dec 02 02:41:36.528 INFO [stdout] running 0 tests
Dec 02 02:41:36.528 INFO [stdout] 
Dec 02 02:41:36.528 INFO [stdout] test result: ok. 0 passed; 0 failed; 0 ignored; 0 measured; 0 filtered out
Dec 02 02:41:36.528 INFO [stdout] 
Dec 02 02:41:36.531 INFO [stderr]      Running /target/debug/deps/exceptional-74d758a76f697ac9
Dec 02 02:41:36.536 INFO [stdout] 
Dec 02 02:41:36.536 INFO [stdout] running 2 tests
Dec 02 02:41:36.537 INFO [stdout] test test::test_1539761233543 ... ok
Dec 02 02:41:36.547 INFO [stdout] test test::test_1539761792338 ... ok
Dec 02 02:41:36.547 INFO [stdout] 
Dec 02 02:41:36.547 INFO [stdout] test result: ok. 2 passed; 0 failed; 0 ignored; 0 measured; 0 filtered out
Dec 02 02:41:36.547 INFO [stdout] 
Dec 02 02:41:36.547 INFO [stderr]    Doc-tests exceptional
Dec 02 02:41:38.132 INFO [stdout] 
Dec 02 02:41:38.132 INFO [stdout] running 1 test
Dec 02 02:41:40.023 INFO [stdout] test src/lib.rs -  (line 5) ... FAILED
Dec 02 02:41:40.023 INFO [stdout] 
Dec 02 02:41:40.023 INFO [stdout] failures:
Dec 02 02:41:40.023 INFO [stdout] 
Dec 02 02:41:40.023 INFO [stdout] ---- src/lib.rs -  (line 5) stdout ----
Dec 02 02:41:40.023 INFO [stdout] error[E0277]: the trait bound `SomeImportantAction: std::clone::Clone` is not satisfied
Dec 02 02:41:40.023 INFO [stdout]   --> src/lib.rs:18:6
Dec 02 02:41:40.023 INFO [stdout]    |
Dec 02 02:41:40.023 INFO [stdout] 14 | impl exceptional::Executable for SomeImportantAction {
Dec 02 02:41:40.023 INFO [stdout]    |      ^^^^^^^^^^^^^^^^^^^^^^^ the trait `std::clone::Clone` is not implemented for `SomeImportantAction`
Dec 02 02:41:40.023 INFO [stdout] 
Dec 02 02:41:40.023 INFO [stdout] thread 'src/lib.rs -  (line 5)' panicked at 'couldn't compile the test', librustdoc/test.rs:332:13
Dec 02 02:41:40.023 INFO [stdout] stack backtrace:
Dec 02 02:41:40.023 INFO [stdout]    0:     0x7ff5ee1d490f - std::sys::unix::backtrace::tracing::imp::unwind_backtrace::h3a8b83e1922cbdde
Dec 02 02:41:40.023 INFO [stdout]                                at libstd/sys/unix/backtrace/tracing/gcc_s.rs:49
Dec 02 02:41:40.023 INFO [stdout]    1:     0x7ff5ee1b9897 - std::sys_common::backtrace::print::h00d3155a29b4020f
Dec 02 02:41:40.023 INFO [stdout]                                at libstd/sys_common/backtrace.rs:71
Dec 02 02:41:40.023 INFO [stdout]                                at libstd/sys_common/backtrace.rs:59
Dec 02 02:41:40.023 INFO [stdout]    2:     0x7ff5ee1dfcef - std::panicking::default_hook::{{closure}}::hd7465c742e79e1bb
Dec 02 02:41:40.023 INFO [stdout]                                at libstd/panicking.rs:211
Dec 02 02:41:40.023 INFO [stdout]    3:     0x7ff5ee1df9ee - std::panicking::default_hook::h9e3966f2aa2a6e12
Dec 02 02:41:40.023 INFO [stdout]                                at libstd/panicking.rs:221
Dec 02 02:41:40.023 INFO [stdout]    4:     0x7ff5f036a951 - rustc::util::common::panic_hook::h27965632b67fe74e
Dec 02 02:41:40.023 INFO [stdout]    5:     0x7ff5ee1e04e6 - std::panicking::rust_panic_with_hook::h587f091ae747d080
Dec 02 02:41:40.023 INFO [stdout]                                at libstd/panicking.rs:480
Dec 02 02:41:40.023 INFO [stdout]    6:     0x558f8fcb3b17 - std::panicking::begin_panic::hcef7ac517f7efe0f
Dec 02 02:41:40.023 INFO [stdout]                                at libstd/panicking.rs:410
Dec 02 02:41:40.023 INFO [stdout]    7:     0x558f8fe47cc7 - <rustdoc::test::Collector as rustdoc::test::Tester>::add_test::{{closure}}::{{closure}}::{{closure}}::h1a7d462b7674a13e
Dec 02 02:41:40.023 INFO [stdout]                                at librustdoc/test.rs:332
Dec 02 02:41:40.023 INFO [stdout]                                at librustdoc/test.rs:596
Dec 02 02:41:40.023 INFO [stdout]    8:     0x558f8fdfd1f8 - <scoped_tls::ScopedKey<T>>::set::h9a299037e2efdd79
Dec 02 02:41:40.023 INFO [stdout]                                at /cargo/registry/src/github.com-1ecc6299db9ec823/scoped-tls-0.1.2/src/lib.rs:155
Dec 02 02:41:40.023 INFO [stdout]                                at libsyntax/lib.rs:106
Dec 02 02:41:40.023 INFO [stdout]                                at /cargo/registry/src/github.com-1ecc6299db9ec823/scoped-tls-0.1.2/src/lib.rs:155
Dec 02 02:41:40.024 INFO [stdout]    9:     0x558f8fc01601 - syntax::with_globals::hc9a23e436a64729f
Dec 02 02:41:40.024 INFO [stdout]                                at libsyntax/lib.rs:105
Dec 02 02:41:40.024 INFO [stdout]   10:     0x558f8fcb3dbb - std::panicking::try::do_call::hd95e3a92339aa7c0
Dec 02 02:41:40.024 INFO [stdout]                                at librustdoc/test.rs:593
Dec 02 02:41:40.024 INFO [stdout]                                at libstd/panic.rs:313
Dec 02 02:41:40.024 INFO [stdout]                                at libstd/panicking.rs:310
Dec 02 02:41:40.024 INFO [stdout]   11:     0x7ff5ee1edcd9 - __rust_maybe_catch_panic
Dec 02 02:41:40.024 INFO [stdout]                                at libpanic_unwind/lib.rs:102
Dec 02 02:41:40.024 INFO [stdout]   12:     0x558f8fcd6f49 - rustc_driver::in_named_rustc_thread::h5d5326e5f9843b1f
Dec 02 02:41:40.024 INFO [stdout]                                at libstd/panicking.rs:289
Dec 02 02:41:40.024 INFO [stdout]                                at libstd/panic.rs:392
Dec 02 02:41:40.024 INFO [stdout]                                at librustc_driver/lib.rs:1546
Dec 02 02:41:40.024 INFO [stdout]   13:     0x558f8fe15eb0 - <F as alloc::boxed::FnBox<A>>::call_box::h85b70bbf522f8d35
Dec 02 02:41:40.024 INFO [stdout]                                at librustdoc/test.rs:593
Dec 02 02:41:40.024 INFO [stdout]                                at liballoc/boxed.rs:672
Dec 02 02:41:40.024 INFO [stdout]   14:     0x7ff5ef84f022 - <F as alloc::boxed::FnBox<A>>::call_box::h37f4bb882553d58c
Dec 02 02:41:40.024 INFO [stdout]                                at libtest/lib.rs:1461
Dec 02 02:41:40.024 INFO [stdout]                                at liballoc/boxed.rs:672
Dec 02 02:41:40.024 INFO [stdout]   15:     0x7ff5ee1edcd9 - __rust_maybe_catch_panic
Dec 02 02:41:40.024 INFO [stdout]                                at libpanic_unwind/lib.rs:102
Dec 02 02:41:40.024 INFO [stdout]   16:     0x7ff5ef877462 - std::sys_common::backtrace::__rust_begin_short_backtrace::hb8f0d0309526c184
Dec 02 02:41:40.024 INFO [stdout]                                at libstd/panicking.rs:289
Dec 02 02:41:40.024 INFO [stdout]                                at libstd/panic.rs:392
Dec 02 02:41:40.024 INFO [stdout]                                at libtest/lib.rs:1423
Dec 02 02:41:40.024 INFO [stdout]                                at libstd/sys_common/backtrace.rs:136
Dec 02 02:41:40.024 INFO [stdout]   17:     0x7ff5ef878204 - std::panicking::try::do_call::hc2f7c8b9a348d8db
Dec 02 02:41:40.024 INFO [stdout]                                at libstd/thread/mod.rs:409
Dec 02 02:41:40.024 INFO [stdout]                                at libstd/panic.rs:313
Dec 02 02:41:40.024 INFO [stdout]                                at libstd/panicking.rs:310
Dec 02 02:41:40.024 INFO [stdout]   18:     0x7ff5ee1edcd9 - __rust_maybe_catch_panic
Dec 02 02:41:40.024 INFO [stdout]                                at libpanic_unwind/lib.rs:102
Dec 02 02:41:40.024 INFO [stdout]   19:     0x7ff5ef86094c - <F as alloc::boxed::FnBox<A>>::call_box::h6bfded618e480b32
Dec 02 02:41:40.024 INFO [stdout]                                at libstd/panicking.rs:289
Dec 02 02:41:40.024 INFO [stdout]                                at libstd/panic.rs:392
Dec 02 02:41:40.024 INFO [stdout]                                at libstd/thread/mod.rs:408
Dec 02 02:41:40.024 INFO [stdout]                                at liballoc/boxed.rs:672
Dec 02 02:41:40.024 INFO [stdout]   20:     0x7ff5ee1dac9d - std::sys_common::thread::start_thread::h4c28257d67cdf9cb
Dec 02 02:41:40.024 INFO [stdout]                                at liballoc/boxed.rs:682
Dec 02 02:41:40.024 INFO [stdout]                                at libstd/sys_common/thread.rs:24
Dec 02 02:41:40.024 INFO [stdout]   21:     0x7ff5ee1b04d5 - std::sys::unix::thread::Thread::new::thread_start::hfecb2e7eff8fd34f
Dec 02 02:41:40.024 INFO [stdout]                                at libstd/sys/unix/thread.rs:90
Dec 02 02:41:40.024 INFO [stdout]   22:     0x7ff5edd3c6b9 - start_thread
Dec 02 02:41:40.024 INFO [stdout]   23:     0x7ff5ed85c41c - clone
Dec 02 02:41:40.024 INFO [stdout]   24:                0x0 - <unknown>
Dec 02 02:41:40.024 INFO [stdout] query stack during panic:
Dec 02 02:41:40.024 INFO [stdout] end of query stack
Dec 02 02:41:40.024 INFO [stdout] 
Dec 02 02:41:40.024 INFO [stdout] 
Dec 02 02:41:40.024 INFO [stdout] failures:
Dec 02 02:41:40.024 INFO [stdout]     src/lib.rs -  (line 5)
Dec 02 02:41:40.024 INFO [stdout] 
Dec 02 02:41:40.024 INFO [stdout] test result: FAILED. 0 passed; 1 failed; 0 ignored; 0 measured; 0 filtered out
Dec 02 02:41:40.024 INFO [stdout] 
Dec 02 02:41:40.051 INFO [stderr] error: test failed, to rerun pass '--doc'
Dec 02 02:41:40.055 INFO [stderr] su: No module specific data is present
Dec 02 02:41:41.015 INFO running `"docker" "inspect" "ed1e83d9b226bc36c64046272d97d5f032bedfca03a58c412291b0fe6474213d"`
Dec 02 02:41:41.457 INFO running `"docker" "rm" "-f" "ed1e83d9b226bc36c64046272d97d5f032bedfca03a58c412291b0fe6474213d"`
Dec 02 02:41:41.727 INFO [stdout] ed1e83d9b226bc36c64046272d97d5f032bedfca03a58c412291b0fe6474213d
